ist the prime factors of q.
2, 293
Suppose -16*n + 13821 = 2877. Suppose 0 = 687*l - n*l - 1389. What are the prime factors of l?
463
Let n = -7966 + 13590. List the prime factors of n.
2, 19, 37
List the prime factors of -30*(10538/(-33))/2.
2, 5, 479
List the prime factors of ((3 + -3)/(-1 - -3))/(-1) - -17731.
7, 17, 149
Suppose -12*w - 46 = 62. Let s(v) = -36*v - 196. List the prime factors of s(w).
2
Suppose 5*o = -4*o - 387. Let a = 145 + o. Let g = a + -3. What are the prime factors of g?
3, 11
Let l = -30 + 33. Suppose -499 = 3*i - l*g + 5*g, -g + 173 = -i. Let x = 238 + i. List the prime factors of x.
3, 23
What are the prime factors of (((-1768)/78)/34)/((-4)/(-59490)*-1)?
3, 5, 661
Let f(n) = 245 - 125 - 20*n - 143. Let g(a) = a + 6. Let m be g(-12). List the prime factors of f(m).
97
Let o(s) = s**2 - 2*s - 16. Suppose g = q + 7, 5*q + 17 = -3*g + 6. Let m be o(q). Suppose 725 = m*p + 93. What are the prime factors of p?
79
Let y be (-2804)/(-6) + (-32)/(-48). Suppose 469*z - 222 = y*z. List the prime factors of z.
2, 3, 37
Let l(w) = 27*w**3 + 2*w + 1. Let y be l(-1). Let k(f) = f**3 - f**2 - 14*f + 18. Let v be k(4). What are the prime factors of y*6/(-15)*v?
2, 7
Suppose 2*d - 7 = o, -d + 1 = -3*o + 5. Suppose 3*x - 7 - d = 0. Suppose 0 = 2*h - x*u - 28, -4*h + 4*u - 84 = -9*h. List the prime factors of h.
2
Suppose 13*i = 8*i + 20. Suppose -3*b = -9, 1 = w - i*b + 12. List the prime factors of 137/3 + 1 + w/3.
47
Let z = -2320 + 4252. What are the prime factors of z?
2, 3, 7, 23
Suppose -3*p - 2*j = -964, 3*p + j - 323 = 2*p. Let d = 655 - p. List the prime factors of d.
337
Let n be (-14)/8 - -1 - (-60)/80. Let t(f) = -3*f + 142. List the prime factors of t(n).
2, 71
Suppose 2*k = 2*t - 114, 3*t - 69 = 4*k + 97. Suppose 5*x - 470 = -4*q, -2*x + 119 = 3*q - t. Suppose 2*o = 94 + x. What are the prime factors of o?
2, 3
Let m = 88 - 80. What are the prime factors of 6770/m - 5/20?
2, 3, 47
List the prime factors of 18/(-12) + (79533/18 - (0 - -2)).
5, 883
Suppose 0 = -5*d + 4*d + 5. Suppose -d*j = 4*j - 36. Suppose j*u = 31 + 257. List the prime factors of u.
2, 3
What are the prime factors of 634776/12 + (-6 - 4)?
2, 11, 601
Let t = 95432 - 58952. What are the prime factors of t?
2, 3, 5, 19
Let h(r) = 5*r**2 + 31*r - 1196. What are the prime factors of h(39)?
2, 13, 293
Suppose 2*y = k - 7, k + 0*y - 4 = y. List the prime factors of (4 + -5 - -4) + (k - -318).
2, 7, 23
Suppose 4*k + 10*f - 9268 = 14*f, 2*k - 5*f = 4616. What are the prime factors of k?
23, 101
Let x(t) = 14*t**2 - t - 7. Let u be 2 + 2/(-9) + (-312)/54. List the prime factors of x(u).
13, 17
Suppose -5*h + 1370 = -3*y + 8*y, -2*h - 3*y = -547. Suppose -d + 6*d = h. Suppose 6*j - 236 = j + 2*x, j = 3*x + d. What are the prime factors of j?
2, 23
Suppose -5*b + 25152 = 7*b - 208392. What are the prime factors of b?
2, 37, 263
Suppose 5*y - 28 = -2*g, y - 2*y = -2*g + 4. Suppose y*t = 5*l + 1512, 5*l - 8 + 28 = 0. What are the prime factors of t?
373
Suppose -2532*p + 2564*p = 362752. List the prime factors of p.
2, 13, 109
Let i(r) = 121*r - 12. Suppose 0 = -9*w + 4*w + 10. List the prime factors of i(w).
2, 5, 23
Suppose -3*t = -t - 6. Let f be (-27)/3 + 3/t. List the prime factors of (-81)/(-3) + f/2.
23
Suppose 32*v = v + 3751. List the prime factors of v.
11
Let o(c) = -85*c + 104. Let l(d) = 5*d - 52. Let k be l(9). List the prime factors of o(k).
3, 233
Suppose -3*s + 106 - 151 = 0. Let b(v) = -v**3 - 12*v**2 + 35. What are the prime factors of b(s)?
2, 5, 71
Let z(f) = -480*f**3 - 3*f**2 + 4*f + 1. Let m be z(-2). Suppose m = 8*y + 349. Suppose y + 158 = 4*t. List the prime factors of t.
2, 37
Let n be 18/243 + 592/27. Suppose n*i + 2166 = 9382. List the prime factors of i.
2, 41
Suppose 4*k + 4 = 0, 3*h + 1105 = 6*h + 5*k. Suppose -3*i - 4*g + h = 0, -5*g - 150 = -i - g. What are the prime factors of i?
2, 5, 13
Suppose -3*l = 3*x - 2 + 32, 0 = -3*x - 5*l - 40. Let v be (2/x)/(1/(-1145)). Suppose 3*t - v = -92. List the prime factors of t.
2, 61
Let v = -38136 - -56335. What are the prime factors of v?
18199
Suppose 5*s = -5*j + s - 5, -3*j + 3*s = 3. What are the prime factors of ((-391)/3)/(j + (-12)/(-18))?
17, 23
Let v = -189 - -155. What are the prime factors of v/153 + (-11470)/(-18)?
7, 13
Suppose 7*r = 19*r - 271944. Suppose 12*l = 30*l - r. List the prime factors of l.
1259
Let m(v) = v**3 - 4*v**2 - 3*v - 10. Let n = -50 + 55. Let u be m(n). Suppose u = -h + 2*h - 53. What are the prime factors of h?
53
Let p = 217 + -172. Let o(w) = 3*w - 19. Let y be o(8). Suppose -46*x = -p*x - y. List the prime factors of x.
5
Let b(l) = -1860*l - 490. List the prime factors of b(-3).
2, 5, 509
Let n(r) = -70*r**3 - 2*r**2 - 57*r - 397. What are the prime factors of n(-7)?
2, 11, 1087
Let c(x) = 33*x**2 - 8*x + 38. Let k be c(4). Let m = -4 + k. List the prime factors of m.
2, 5, 53
Let v be 18/99 + 82184/44. List the prime factors of 9/(54/v)*(-3)/(-2).
467
Suppose -2387 = -19*v + 16*v - d, -3*d + 1582 = 2*v. Suppose 6122 = 4*n + 2*u, -2*n - 3*u = v - 3868. List the prime factors of n.
2, 191
Let s(g) = -17*g - 334. Let m(u) = -15*u - 335. Let w(l) = -7*m(l) + 6*s(l). List the prime factors of w(-43).
2, 53
Let x(g) = -g**2 - 20*g - 19. Let u be ((-4)/(-4))/(-1) - (0 - -70). Let z = -86 - u. What are the prime factors of x(z)?
2, 7
Let u be 5*3*5/(-3). Let r = u + 28. List the prime factors of (41/r)/(1/6) + 1.
83
Suppose -3*f = -5*f - 5*n + 1303, 4*n - 4 = 0. Suppose -f = -k + 94. What are the prime factors of k?
743
Suppose -17*t + 45070 = 4*l - 19*t, t = 3*l - 33799. List the prime factors of l.
2, 11
Let z(s) = -s - 8. Let m be z(-8). Suppose -k - y + 15 = 0, 2*y - 5*y - 9 = m. Suppose x + 4*g - 8 - k = 0, 0 = 5*x + g - 168. List the prime factors of x.
2, 17
Suppose 4*i + 11*d - 14*d - 163376 = 0, -5*i + d + 204242 = 0. List the prime factors of i.
2, 5, 19, 43
Let h(v) = 8*v + 914. Suppose 4*x + 11*i - 16*i + 5 = 0, -1 = -5*x - i. List the prime factors of h(x).
2, 457
Suppose 96*m - 2412600 + 271896 = 0. List the prime factors of m.
3, 7433
List the prime factors of (-725)/(-435) - (1 - (-186176)/(-6)).
2, 5, 29, 107
Let i(l) = 4*l + 2736. What are the prime factors of i(17)?
2, 701
Suppose 177*z + 3330320 = 443*z. List the prime factors of z.
2, 5, 313
Let o = 56630 - 20335. List the prime factors of o.
5, 7, 17, 61
Let i = 37935 + -22590. List the prime factors of i.
3, 5, 11, 31
Let x = 19677 - -13815. What are the prime factors of x?
2, 3, 2791
Let f(l) = 2*l + 11. Let r be f(2). Suppose 5*u - 3*s = -72 - 528, 3*s + r = 0. Let w = u + 337. What are the prime factors of w?
2, 107
Let o = -31 + 12. Let t be -7*o/(-3) - 9/(-27). Let m = t - -66. List the prime factors of m.
2, 11
Suppose 7836 + 5898 = 46*p - 16534. What are the prime factors of p?
2, 7, 47
Let d = -11713 - -17372. List the prime factors of d.
5659
Let i(c) = -51 - 16*c - 27*c**2 + 33 - 4*c**3 - 44 + 5*c**3. Let h be -6 + (-24)/(-8) + 31. List the prime factors of i(h).
2, 137
Let m be 3 + 2 + 62474 + 3 + -7. What are the prime factors of (-9)/12 + m/84?
743
Let c = -980 + 7693. What are the prime factors of c?
7, 137
Suppose -423 = -53*o + 1. Let h = 6 - 4. Suppose 7*j - h*j - 99 = 3*b, 0 = 4*b - o. What are the prime factors of j?
3, 7
Let k = 129150 - 77130. What are the prime factors of 6/(-14) + k/252?
2, 103
List the prime factors of (39423/(-6) - (2 + 3))*(-162)/27.
3, 13151
Suppose -4*g = -4*s + 12724, -4*s + g = 234 - 12970. Suppose 110*p - s = 75*p. List the prime factors of p.
7, 13
Let a be (0/(-1))/2*(-6)/(-12). Suppose a*c = -6*c + 1446. What are the prime factors of c?
241
Let x(i) = -i**3 - i**2 + 8*i - 6. Let v be x(-4). Suppose 0*l + 995 = -5*q + l, -v = -2*l. Let n = q - -318. What are the prime factors of n?
2, 3, 5
Suppose 60 = 14*q + q. Suppose -4*w + 148 = 3*v, -39*v + 36*v - 148 = -q*w. List the prime factors of w.
37
Let t be (1 + -2)/((3/34)/3). Let b = 39 - t. Let j = b - -9. List the prime factors of j.
2, 41
Let b(j) = j**3 - 7*j**2 - 13*j + 87. Let z be b(7). What are the prime factors of z/10 - (-1828)/20?
7, 13
Let p = 3101 + 4319. List the prime factors of p.
2, 5, 7, 53
Let x be 3 - 0/(-3) - -2. Suppose -s + 4075 = 4*s. Suppose 0 = x*b + 4*n - 